ose 214 + 121 = 5*n. List the prime factors of n.
67
Let h be (-8)/20 + (-2)/(-5). Suppose b + 4*f - 23 = h, 2*b - 2*f + 2 - 18 = 0. What are the prime factors of b?
11
Let p(d) = d - 2. Let b be p(6). Let j be ((-3)/b)/((-3)/24). Suppose -3*l - 15 = -j*l. What are the prime factors of l?
5
Let c(j) = -5*j + 3. Let q be c(6). Let k be ((-4)/3)/(1/q). What are the prime factors of (k/(-15))/(1/(-5))?
2, 3
Let h = -26 - -72. Let s = h + -31. List the prime factors of s.
3, 5
Let y = 10 - 8. What are the prime factors of ((-24)/10)/(y/(-30))?
2, 3
Suppose 10*k = 7*k + 228. What are the prime factors of k?
2, 19
Let c(m) = -2*m**3 + 2*m**2 - 1. Let n be c(-1). Let a = 5 - n. Suppose a*r + 3*r - 30 = 0. List the prime factors of r.
2, 3
Suppose 2*q + 5*o = 13, 0 + 3 = q - o. Suppose 0 = -q*i - 0*i + 28. Suppose -2*k + i + 13 = 0. What are the prime factors of k?
2, 5
Suppose 2*y + 1 = 21. What are the prime factors of y?
2, 5
Suppose -a - 2*a + 87 = 5*g, 5*a - 5*g = 185. List the prime factors of a.
2, 17
Let d = 7 + 5. Let q = 12 + d. List the prime factors of q.
2, 3
Let b be (2 - 2) + (-81)/(-3). Suppose 0 = -3*w + 6*w - b. What are the prime factors of w?
3
Let k(l) = 2*l**2 + 9*l + 1. Let v be k(-11). What are the prime factors of v/9 + (-1 - 1)?
2, 7
Suppose 262 = 3*b + 2*u - 201, -3*b + 459 = 3*u. List the prime factors of b.
157
Suppose -5*h + 3*n + 10 = 0, 35 = 3*h - 0*n + 4*n. Suppose -y - 196 = -h*y. What are the prime factors of y?
7
Suppose -4*q - 92 = -4*f, 0 = 4*f - f + 5*q - 69. List the prime factors of f.
23
Let a be (25 + -1)/((-10)/(-25)). Let v be ((-6)/10)/((-4)/a). Let s = v - 5. What are the prime factors of s?
2
List the prime factors of (-3)/(-27) - (-5252)/36.
2, 73
Let z(v) = -v**2 - 10*v + 5. Let b = 11 + -19. What are the prime factors of z(b)?
3, 7
Suppose -6*k = -3*k - 6. Suppose -v + k = -5. What are the prime factors of v?
7
Let m(d) = 2*d**2 + d - 3. Let s be m(2). What are the prime factors of ((-36)/(-21))/(s/196)?
2, 3
Let r(y) = 3*y - 19. What are the prime factors of r(22)?
47
Suppose -5*n - 17 = 13. Let i(y) = -y**2 - 7*y + 4. Let s be i(n). List the prime factors of (-16)/s*5/(-2).
2
Suppose 5*z = -9 - 11, -4*z = 2*s - 114. Let y = s - 41. What are the prime factors of y?
2, 3
Suppose f - 4*f + 78 = 0. List the prime factors of f.
2, 13
Let p(o) = o**3 - o**2 - 3*o + 1. Let m be 2/1 + (-3 - -1). Let l be -2*(m - (-3)/(-2)). What are the prime factors of p(l)?
2, 5
Let z(c) = 4*c**3 + 2*c**2 - 3*c - 3. Let f be z(-2). What are the prime factors of f/(-2) - (-8)/16?
11
Let n = -50 - -158. What are the prime factors of n?
2, 3
Let y(z) = 10*z**2 + 2*z + 1. Suppose -3*h = -5*j + 31, -3*h - 5*j = -0*h - 19. What are the prime factors of y(h)?
37
Let r = -21 + 49. Let c = r - -19. List the prime factors of c.
47
Let l(i) = i**3 - 2*i**2 + i. Let d be l(2). Let z(n) = -n**2 + 3*n - 2. Let f be z(d). Suppose f*y + 10 = y. List the prime factors of y.
2, 5
Suppose s - 200 = -4*g - s, 2*g - 116 = -5*s. What are the prime factors of g?
2, 3
Let p(o) = -6*o**3 - o**2 - o. Let z be p(-2). List the prime factors of (-2)/3 + z/6.
7
Suppose -4*w + 142 = -70. What are the prime factors of w?
53
Suppose -2*z - 3*z = -115. Let x = z - 10. List the prime factors of x.
13
Suppose 0*o = j + 5*o - 88, 5*j = -o + 440. List the prime factors of j.
2, 11
Let z be (-12)/(-9)*(-9)/2. Let i = 12 + z. Suppose -2*f - 36 = -i*f. List the prime factors of f.
3
Let j(s) = s**3 + 5*s**2 - 7*s + 3. Let r be j(-6). Suppose -z - 4*n + r = 0, -n + 5 = 3. List the prime factors of (-2)/2 + z*9.
2
What are the prime factors of 8/(-6)*90/(-12)?
2, 5
Suppose 3*f - 398 = f. What are the prime factors of f?
199
Let u = -200 + 309. What are the prime factors of u?
109
What are the prime factors of 3/12 + (-417)/(-12)?
5, 7
Let n(q) = -q**2 - 5*q - 2*q - 3*q + 3. Let l be n(-10). Suppose 0 = -5*j + 5*h + 45, l*h = -4*j + 9 + 20. What are the prime factors of j?
2
Suppose 0*y = 2*o + y, -4*o - 5*y + 12 = 0. List the prime factors of (-2)/2*o - -17.
19
Suppose 6*t = -5*d + t + 265, 2*d - 98 = 2*t. Let v be (-4)/(-14) - d/7. Let s = 14 + v. What are the prime factors of s?
7
List the prime factors of (278/3)/((-68)/12 + 6).
2, 139
Suppose w - 4*t = -17, -w = t + 1 - 9. Suppose -o + 4*z = 5, -2*o + z = 2*o - 40. Suppose w*b = -o + 38. List the prime factors of b.
3
Suppose -3*f = -7*f + 72. Let z = 25 - f. What are the prime factors of z?
7
Suppose 3*m = -z + 115 + 37, -5 = 5*m. Suppose -5*w + 0*w + z = 0. List the prime factors of w.
31
Let a be -9 - -1 - (-5 - -2). What are the prime factors of a/(1 - (-18)/(-15))?
5
Suppose 108 = 3*m - 45. Suppose y + x - 7 = 5, 4*y = -x + m. Let p = y - 6. What are the prime factors of p?
7
Let r = 17 - 14. List the prime factors of r.
3
Let t be 1/1 + (-18)/(-3). Let m = t - 5. What are the prime factors of m?
2
Let k be (-3 - -4)*(20 + 0). Suppose 3*o = -o + k. What are the prime factors of o?
5
Suppose 5*j = -l + 24, 27 = -2*l + j + 86. What are the prime factors of l?
29
Let n(b) = b - 1. Let i(q) be the third derivative of -7*q**4/24 - q**3/2 + q**2. Let a(m) = i(m) - 2*n(m). List the prime factors of a(-1).
2
Suppose 0 = -2*g + 4*r + 4, -2*g + 39 = 4*r - r. List the prime factors of 258/8 + 9/g.
3, 11
Let z = 9 - 3. Suppose 4*f - 68 = 3*u - z*u, 0 = -3*u + 4*f + 76. List the prime factors of u.
2, 3
Let i(j) be the third derivative of -3*j**4/4 + j**3/6 - j**2. List the prime factors of i(-1).
19
Suppose -z - 2 = -0*z. Let l be z*(9/6 + -1). What are the prime factors of (3 - -1)*l/(-1)?
2
Let y(w) = 3*w + 14. Suppose 2*d - 3*d = -8. List the prime factors of y(d).
2, 19
What are the prime factors of 1/5 - 149/(-5)?
2, 3, 5
Suppose -5*r + 5*f + 60 = 0, -3*r = -4*f - f - 42. What are the prime factors of r?
3
Suppose -4*v = -5*p + 119, 4*v + 50 = p + p. What are the prime factors of p?
23
Let z(y) = y**2 + 8*y + 4. List the prime factors of z(-8).
2
Let a be (2/(-6))/(1/(-6)). Suppose 3*i = 3*m + 9, -4 = -2*i - m + a. What are the prime factors of i?
3
Let h = -1 - -4. Suppose 11 = -h*k - 1, -i + 59 = 4*k. Suppose -5*r - 3*y = -i, -4*y = -5*r + 1 + 39. List the prime factors of r.
2, 3
Let c = -17 - -44. Let z be (-4)/(-6) - (-63)/c. Suppose 2*p - 2*f = 12, -6*f = z*p - 2*f + 10. What are the prime factors of p?
2
Suppose 2*k - 21 = -u, -4*k + 2*u + 33 = u. List the prime factors of k.
3
Suppose -c + 4*c = 2*r + 1, 0 = c + 3. Let x be (-2)/5 - 242/r. Let m = x + -34. What are the prime factors of m?
2, 7
Let p(z) be the second derivative of 3/2*z**2 + 3/2*z**3 + 3*z - 1/12*z**4 + 0. What are the prime factors of p(8)?
11
Let h = 640 + -355. List the prime factors of h.
3, 5, 19
Suppose 2 = -4*x - v, 0 = -5*v - 0 - 10. Suppose -o - 3*w + 29 = -x*o, 0 = 5*w - 25. What are the prime factors of o?
2, 7
Suppose -3*r + w + 24 = 0, -r - 2*w = -3*r + 16. What are the prime factors of r?
2
Let j = -2 + 6. What are the prime factors of j/(-12) - 50/(-6)?
2
Suppose -3*g = 2*g. Suppose -4*c + g*c + 12 = 0. Suppose 2*v - 3*v = -c. List the prime factors of v.
3
Let c(p) = -3*p. Let v be c(7). Let n = -12 - v. List the prime factors of n.
3
Let a(h) = -2 + h - 3 + 1. Let n be a(4). Suppose -3*m - 2*m + 20 = n. List the prime factors of m.
2
Let a(q) = -2*q - 4. Let u be a(-6). Let t = 16 - u. What are the prime factors of t?
2
List the prime factors of (4/(-2))/(4/(-64)).
2
Suppose -17*v = -10*v - 2072. List the prime factors of v.
2, 37
Suppose 6*l - 63 = 2*l - 5*q, 4*q + 24 = 3*l. Suppose 0 = 4*v - 4 - l. List the prime factors of v*2 - (-4 - -3).
3
Suppose 6*m - 9*m = -6. Suppose 2*h - m = h. Suppose 0 = h*f - 5*f + 48. List the prime factors of f.
2
Suppose 0 = 3*p + 2*p. Let z(w) = -w**3 - w**2 + w. Let q be z(p). Suppose -2*b + b + 7 = q. What are the prime factors of b?
7
Let g = 1 + 0. Suppose -4 = 3*c - 2*l + 3*l, 2*l + 6 = -4*c. What are the prime factors of (1 + c + 9)/g?
3
List the prime factors of ((-29)/2)/(7/(-14)).
29
Let m = 14 - 3. What are the prime factors of m?
11
Suppose 44 = -2*w + 4*w. Suppose c - 3*c = 2*u - w, u = 3*c - 37. What are the prime factors of c?
2, 3
Let z be (-3 - (3 - 7)) + 1. Let g = 2 + z. List the prime factors of g.
2
Let p(s) = s**3 + 5*s**2 - 7*s - 3. Let k be p(-6). Suppose 3*b 